ainder when ((-4)/6*-1)/((-116)/(-41238)) is divided by 95.
47
Let s be 3/2*30/(-15). Let j be (-1 + 8)*(-1*3)/s. Suppose -92 - 6 = -j*i. What is the remainder when 65 is divided by i?
9
Suppose f + 3*b - 122 = 0, -5*f - 2*b + 188 = -409. Suppose 2*r - 5*j = f, 4*r - 2*j + 105 = 383. What is the remainder when r is divided by 37*(-3 + 2)*-1?
35
Suppose -3*z + h + 75 = -20, -5*z - 3*h = -149. Let o(v) = -v + 1. Let s be o(-7). What is the remainder when s/(-2*2/(-76)) is divided by z?
28
What is the remainder when 183 is divided by 522/(-2 - -8) - (3 + (0 - 0))?
15
Let n(f) = 2*f**3 + 115*f**2 - 61*f - 47. Suppose x - 113 = -4*m, 2*x + x = 4*m - 125. What is the remainder when n(-58) is divided by m?
11
Suppose 3*o + 5*r = r + 240, -3*r + 90 = o. What is the remainder when 1425 is divided by o?
57
Let x(m) = -m**3 + 7*m**2 + 3*m - 5. Suppose 134*s = 131*s + 189. Suppose -59*k - 180 = -s*k. Calculate the remainder when k is divided by x(7).
13
Let n(h) = 36*h - 1. Suppose 8*k + 120 = 16*k. Suppose 11*x + k = 16*x. Calculate the remainder when n(x) is divided by 18.
17
Suppose -3*h + 5*m - 600 = -4*h, m - 3072 = -5*h. What is the remainder when 617 is divided by h?
2
Let b = -16 - -53. Let o(l) = -33*l - 185. What is the remainder when o(-11) is divided by b?
30
Let n(w) = -14*w + 9. Suppose 304 + 216 = 4*p. Calculate the remainder when p is divided by n(-2).
19
Suppose -2*d = 42 - 16. Let r(y) = -2*y**2 + 6. Let q(j) = -11*j**2 - 10*j + 58. Let c(x) = -q(x) + 5*r(x). Calculate the remainder when c(d) is divided by 5.
1
Suppose 234*h - 229*h - 885 = 0. Suppose -k + 2*d = -2*d - h, -4*k = -2*d - 680. What is the remainder when k is divided by 49?
22
Calculate the remainder when 272 is divided by (-2 - -43)/(1 - -3)*(578 + -574).
26
Let m(y) = -20*y - 18. Let a be m(-2). Let w = 2 - a. Let r = w + 31. What is the remainder when 53 is divided by r?
9
Suppose -36*p + 182 = -10*p. Suppose -4*i + 536 = -5*m, 168 + 106 = 2*i - m. Calculate the remainder when i is divided by p.
6
Let j be (15/9 - 3)*9/6. Let g be ((-15)/(-3) - 2) + j + 14. Let i = g + 8. What is the remainder when 88 is divided by i?
19
Let k(v) = -v**3 - 34*v**2 + 64*v - 69. What is the remainder when k(-36) is divided by 27?
3
Suppose x - 5*p = -64, 4*p + 0*p - 122 = 2*x. Let y = x - -176. Calculate the remainder when y is divided by 118/3 - (-2)/3.
37
Suppose -4*d - 5*n + 1708 = -576, 0 = 4*d - 4*n - 2248. Calculate the remainder when d is divided by 564.
2
Suppose -5*s = -21 - 44. Let k(o) be the first derivative of o**4/4 - 2*o**3/3 - 2*o**2 - 5*o - 6. Calculate the remainder when k(5) is divided by s.
11
Let z(o) = 5*o**2 - 4*o - 9. Let i be z(-5). Let f = -122 + i. Calculate the remainder when 23 is divided by f.
9
Suppose 8*d - 1350 = -12*d - 10*d. Calculate the remainder when 371 is divided by d.
11
Suppose 1252 = 3*u - 4*w, -16*w + 18*w + 14 = 0. Calculate the remainder when 1255 is divided by u.
31
Let l be (-4)/(-2) + 417/(-3). Let u = 146 + l. What is the remainder when -1 + 11/u - 520/(-9) is divided by 10?
8
Suppose 0 = 3*t + 7*t - 240. Suppose -x = 4*b + b - t, 4*b - 2*x = 22. What is the remainder when 48 is divided by b?
3
Let u(g) be the third derivative of -5*g**4/4 + 235*g**3/6 - 100*g**2. What is the remainder when 37 is divided by u(7)?
12
Let s(c) be the first derivative of 2*c**3 + 9*c**2 + 2*c + 93. Calculate the remainder when s(-4) is divided by 4.
2
Suppose -5*g = 2*n + 3*n - 245, -4*n - 3*g + 198 = 0. Let x(c) = c + 141. What is the remainder when x(-43) is divided by n?
47
Let l(i) = 14*i**3 + i**2 + i + 6. Let b(t) = 13*t**3 + t**2 + t + 4. Let y(z) = 4*b(z) - 3*l(z). Calculate the remainder when 25 is divided by y(1).
5
Let d = -8287 - -8479. What is the remainder when d is divided by 10?
2
Let m(n) = -n**3 + 15*n**2 + 33*n + 18. Let a = 34 - 17. Let y be m(a). What is the remainder when 2 + y + -3 + 107 - 0 is divided by 18?
17
Let x(w) = w**3 + 9*w - 13. Let q be x(6). Let o = 325 - q. Calculate the remainder when o is divided by 18.
14
Suppose 12*x = -3*x + 2715. Let i = x + -150. Calculate the remainder when i is divided by 16.
15
Suppose -68*t + 66*t - 4*f = -524, -f = 4*t - 1048. Calculate the remainder when t is divided by 48.
22
Let t(y) = -2*y**3 - 5*y**2 - 5*y - 26. Let x be t(-7). Suppose 5*v - x = -0*v. Calculate the remainder when v is divided by (0 + 23)*(10 - 9).
21
Let o(s) = -s**3 + 56*s**2 + 309*s - 174. Calculate the remainder when 444 is divided by o(61).
24
Suppose 0 = -2*b + 2*s + 86, -144*s = 17*b - 147*s - 717. Calculate the remainder when (-1)/((1 - 0)/(-201)) is divided by b.
33
Suppose 11*x - 2249 = -2*x. Let f = x - -30. Calculate the remainder when f is divided by 8.
3
Let q(c) = 2*c**2 + 4*c - 4. Suppose -9*s + 609 = 177. Let v = -31 + s. Calculate the remainder when v is divided by q(-4).
5
Suppose 2*h - 2 = -2*z, 18 = 5*h + 4*z + 8. Suppose 26*r - 260 = h*r. What is the remainder when 76 is divided by r?
11
Let b be -1 - 119 - (4 + -8 + 3). Let s = b - 102. Let w = -117 - s. What is the remainder when w is divided by 27?
23
Let k = -124 - -155. Suppose -5*d - 5*q = -375, 34*q - 375 = -5*d + k*q. What is the remainder when d is divided by 13?
10
Let k = 15663 - 13688. Calculate the remainder when k is divided by 7.
1
Suppose 660 = 5*t - 0*t. Suppose 2*a - t = -4*a. Suppose -33 = -3*m + 4*n + n, 2*m - n = a. Calculate the remainder when 21 is divided by m.
10
Let v(l) = l**2 + 57*l + 33. What is the remainder when 339 is divided by v(-57)?
9
Suppose 0 = -2*l + 10, c - 67 = 7*l - 2*l. Suppose c*n = 86*n + 78. Let s(v) = -v**3 + v**2 + 36. Calculate the remainder when s(0) is divided by n.
10
Let v = 3068 + -2943. Calculate the remainder when 147 is divided by v.
22
Suppose 4*x - 629 = o, 4*x - x = 3*o + 1869. Let m = 664 + o. What is the remainder when m is divided by 24?
19
Let b = -86 + 174. Let l = 92 - b. Suppose 46 + 78 = l*r. What is the remainder when r is divided by 20?
11
What is the remainder when (-1 + -2 - 1)*38*2/(-8) is divided by 11?
5
Suppose -4*g + 972 = 4*w, -216 - 533 = -3*w + 2*g. Suppose 0*u + 19*u = w. What is the remainder when 46 is divided by u?
7
Suppose -44*q + 2*q = -8*q - 156230. What is the remainder when q is divided by 50?
45
What is the remainder when 13 + -6 + ((1 - 3) + -3 - -272) is divided by 26?
14
Let n(z) = 116 - z**2 + 158*z - 313*z + 153*z. Let p be n(0). Let g = 156 - p. What is the remainder when 73 is divided by g?
33
Suppose 84*u + 1682 = 4958. Let r(q) = -q**3 + 7*q**2 + 5*q + 3. What is the remainder when r(4) is divided by u?
32
Let z(l) = 4*l + 1. Let h be 5/2*20/50. Suppose -10*w - 135 = -28*w + 9. What is the remainder when w is divided by z(h)?
3
Let f(p) = 3*p**2 + p + 3*p + 16*p**2 + 2 - 2*p. Suppose -4512*r + 4510*r + 78 = 0. Calculate the remainder when f(-2) is divided by r.
35
Let f(l) = 276*l + 292. What is the remainder when 622 is divided by f(-1)?
14
Suppose 9 + 30 = 3*a. Let q(m) = 79*m - 34*m - 1 - 9*m. What is the remainder when q(1) is divided by a?
9
Suppose 3852 = 2014*g - 2005*g. Calculate the remainder when 1721 is divided by g.
9
Suppose 0 = -b - 0*b + 147. Let g = 20654 - 20604. What is the remainder when b is divided by g?
47
Suppose 14*q - 10*q - 24 = 0. Let o be 0 + -1 + 2 - (5 - q). What is the remainder when 187/(-22)*o*-1 is divided by 3?
2
Suppose -3*m = 3*r + m + 119, 4*m = -5*r - 209. Let s = 46 + r. Let u(w) = 4*w**3 - w**2 + 3*w - 2. Calculate the remainder when 23 is divided by u(s).
3
Let p(x) = 5 + 20 + x**2 - 3*x - 13 + 24. Let n(h) = 4*h**3 + 18*h**2 + 6*h + 3. What is the remainder when p(0) is divided by n(-4)?
3
Suppose -179*f - 57 = -182*f. Suppose -f*t + 165 = -4*t. Let v = -92 + 157. What is the remainder when v is divided by t?
10
Let d(f) = 21 - 5*f - 11 - 4. Calculate the remainder when 185 is divided by d(-5).
30
Suppose -30 = -2*l + 3*z, -11 = l + 4*z + z. Suppose 4 = -2*g, -2*u + g - 6*g + 34 = 0. What is the remainder when u is divided by (240/(-9))/(-2) + (-3)/l?
9
Suppose 2*t = -4*i + 48, -t - 2*i - 36 = -3*t. Let y = -289 - -301. Let r = t - y. What is the remainder when 22 is divided by r?
6
Let m(h) = h - 5. Let g be m(7). Let v(x) = 165*x - 1165. Let l be v(7). Calculate the remainder when 12 is divided by (2/(-2))/